 17 - -71. Suppose -g*l - 8692 = -92*l. Is l a prime number?
False
Let n(w) = 65*w**2 + 5*w - 1. Let d be n(7). Suppose 2*g = 5*g - d. Is g a prime number?
False
Is (6817/(-4))/(56/(-224)) a prime number?
False
Suppose -k = -4*k. Let x(o) = -o**2 + 2*o + 337. Is x(k) a prime number?
True
Suppose -5*p + 2*v = -34027, 4*p = -2*v - v + 27217. Is p prime?
False
Suppose -2*r + 0*r + 6 = 0. Suppose -4*i + 12896 = -3*z, -r*i - 9693 = -6*i - 3*z. Is i prime?
False
Let w(l) = 3349*l - 3. Let y be w(1). Suppose 6*g - y - 3176 = 0. Is g composite?
False
Let r(h) = h**2 - 6*h + 2. Let s be r(4). Is (-1)/2 - 2673/s a prime number?
False
Suppose 2*s = -4, -11 = -4*m - 4*s + 1. Let j(x) = 14*x - 7. Let w be j(m). Suppose 4*p + 23 = 4*o + 111, -3*p + w = -2*o. Is p a prime number?
True
Let b(q) = 5*q**2 - 20*q + 6. Let g be (1 - 0)*(14 + (-2 - 1)). Is b(g) composite?
True
Suppose 0 = 5*c - 25, x + 5*c - 19 - 8 = 0. Suppose 819 = x*b - 479. Is b composite?
True
Is (82442/2)/(216 - 215) prime?
True
Let i be 3/(-6) - 36/(-8). Suppose 3*k - 3*n - 80 = 142, 5*k + i*n = 415. Is k composite?
False
Let u = -14 + 16. Suppose 0 = u*r + r - 285. Suppose -2*o + 52 = 2*b, -2*o - b + r = 2*o. Is o a prime number?
True
Let y be 8/12 - (-8)/6. Suppose -y*z + 57 = 425. Let l = 307 + z. Is l a prime number?
False
Let s(t) be the first derivative of 40*t**3/3 + 3*t**2/2 - 6*t - 20. Is s(5) a prime number?
True
Let f be -3*32/(-60)*-5. Let p(d) = -d**3 - 6*d**2 + d - 17. Is p(f) a prime number?
True
Let j = 6459 - 756. Is j a prime number?
False
Let k = -460 - -1121. Suppose -5*o - t + 4*t + k = 0, 387 = 3*o + 3*t. Is o a composite number?
False
Is 59656/20 - 1/(-5) composite?
True
Is 8/84 - (3 + 35085/(-63)) composite?
True
Let o(t) = 2*t**2 - 3*t + 4. Let n be o(4). Let p be (56/n)/(1/(-21)). Let z = p + 82. Is z a composite number?
True
Suppose -24*d = -3*d - 8673. Is d a prime number?
False
Suppose -2*o = -5*k - 15, 6*o - 2*o - 15 = 5*k. Suppose 7*v - 2*v - 20 = o. Suppose 0 = -v*q - 2*j + 59 + 29, 6 = -3*j. Is q prime?
True
Suppose 0 = 32*v - 1102748 - 380548. Is v a prime number?
False
Suppose 0 = 5*k - 17*k + 130908. Is k composite?
False
Suppose 0 = -17*k + 7*k + 144410. Is k a prime number?
False
Let r be 0/(-5 + (-12)/(-4)). Suppose r*w = 3*w. Suppose -v - 3*v + 84 = w. Is v prime?
False
Suppose 0 = -4*o - 3*r + 4812, o + 6015 = 6*o + 4*r. Is o prime?
False
Let g be 6 + -6 - 1*-4. Suppose n = g*f + 1825 - 170, 5*f - 1619 = -n. Is n prime?
False
Suppose -3*w = 4*s - 665, s + 4*w + 1 - 177 = 0. Let r = s + -19. Is r a prime number?
False
Suppose -2*q + x + 10 = 3*x, -4*q + 15 = -x. Suppose -5733 = -q*g + 2879. Is g prime?
True
Let c(t) = 3*t - 3. Let b be c(6). Let a(j) = -j**3 + 15*j**2 + 12. Let z be a(b). Is (0 - 2)/(z/(-1218)) composite?
True
Let o(d) = -138*d - 179. Is o(-10) composite?
False
Let h = 6 - 1. Let f(m) = m**3 - 2*m**2 - 7*m + 7. Let a be f(h). Suppose -2*x = -131 - a. Is x a prime number?
True
Let t(r) = -r + 2. Let k = 24 + -12. Let d be t(k). Let l(p) = -p**2 - 26*p - 14. Is l(d) a composite number?
True
Let i(q) = -2*q**2 + 3*q - 1. Let t be i(3). Let c be t/55 + (-9000)/(-11). Suppose -209 = 3*y - c. Is y prime?
False
Let k = 8 - 4. Suppose 2*s = 5*t - 21, 3*t + t - 24 = k*s. Suppose -2*u + 7*u - t*q - 808 = 0, 5*q + 166 = u. Is u prime?
False
Let n(o) = -9*o**2 + o. Let m be n(1). Let p(q) = -q**2 - 9*q - 7. Let i be p(m). Is (42/18)/(i/93) prime?
False
Is (-521665)/(-20) + (-3 - 55/(-20)) a composite number?
False
Let h(f) = f**2 + 23*f + 45. Let w be h(-21). Is w/((-18)/(-1228))*(21 + -18) a prime number?
False
Suppose -4*l = 3*u - 1991, 4*u + 2481 = 5*l - 0*u. Is l composite?
True
Let d(a) = 14*a**2 + 4*a + 14. Let x be d(6). Let v = 915 - x. Let z = -190 + v. Is z composite?
True
Let j = 1195 - -4350. Is j composite?
True
Let s be ((-6)/4 - 1)*-2. Suppose 29 = -s*u - 61. Is (-4)/18 + (-1210)/u composite?
False
Let b be 3/14*-2 + 22/(-14). Is (3156/(-2))/b - (-6)/3 a composite number?
True
Let j(x) = 141*x - 36. Let u be j(6). Let y = 1493 - u. Is y a prime number?
True
Let m be 16/6 - 4/(-12). Suppose 0 = -m*f - 49 - 44. Let s = f + 162. Is s a composite number?
False
Is (-1481 + 2)*(3 + 60/(-18)) a composite number?
True
Suppose 60*m - 55*m = 0. Suppose 549 = 5*o - 5*x - 2906, m = 2*o - x - 1382. Is o a composite number?
False
Let m = -34 - -40. Suppose 425 = -m*h + 11*h. Is h composite?
True
Let v(m) = -40*m + 2. Let d be 3/(2 + 1) - -2. Let a(w) = -w**2 + w + 4. Let o be a(d). Is v(o) composite?
True
Let n = -1 + 2. Let f be 26/(-3 - n - -2). Let b = f - -35. Is b a composite number?
True
Suppose 16 + 14 = 2*r. Let y be (-6)/r - (-16302)/30. Suppose -y = -5*z - o + 4*o, 5*z - o = 551. Is z composite?
True
Let v(c) = c**3 + 17*c**2 - 69*c + 42. Is v(-19) a composite number?
False
Let s(w) = -w + 3. Let a be s(15). Is (406/(-8))/(51/a - -4) a prime number?
False
Let u be -3*(-1)/3*-4. Let r(h) = h**2 + 2*h + 8. Let m be r(u). Let z = m - 3. Is z a prime number?
True
Suppose 5*q - 4*d = 7, 3*q = -0*q + d. Is (-2762)/q*(-1)/(-2) prime?
True
Suppose -6*z + 6410 = -z. Suppose -4*m + z = -482. Suppose -5*t = m - 1171. Is t prime?
False
Let i(o) = 12*o**2 - 4*o - 16. Let k be i(5). Is 178/(-3)*k/(-16) composite?
True
Suppose -4*h = -15*s + 10*s + 43, -4*s - 5*h = -59. Is s a prime number?
True
Suppose -31 = -3*n - 5*w, n - 4*w + 2*w + 8 = 0. Suppose -g = -1, -n*g - g - 153 = -4*i. Is i a prime number?
False
Let j = 19 - 12. Let b(r) = -3*r**2 + 10*r + 3 - 9 + 2*r**2. Is b(j) a composite number?
True
Let m(k) = -17 - 35 + 153*k + 21. Is m(6) composite?
False
Suppose -5*o = -52426 + 1371. Is o composite?
False
Let y(i) = i**3 + 5*i**2 + 10*i + 22. Let s be y(-4). Is 3*113*((1 - -2) + s) a composite number?
True
Let r(k) = 208*k**3 + 22*k**2 - 10*k + 9. Is r(8) composite?
True
Suppose 13*v = 45*v - 62112. Is v prime?
False
Suppose a = 3*a - 6. Let b = a - 1. Suppose 0 = b*j + 3*v - 1025, 3*j - 1390 - 146 = -3*v. Is j a composite number?
True
Let c be 1/(2/(6 - -2)). Is 1/((-5)/(-1947)) - c/10 a composite number?
False
Let k(w) = -2*w - 2. Let q be k(1). Let o = q - -8. Suppose -o*z + 358 = -2*z. Is z a prime number?
True
Let t(p) = -p**2 - 3*p + 28. Let m be t(-8). Let r(i) = 2*i**2 + 22*i + 10. Is r(m) a composite number?
True
Let o = 38 + -34. Suppose -3*j + o*u = 7*u - 111, 3*u = -4*j + 150. Is j a composite number?
True
Let s be (998/(-4) - 3)*-2. Is s/3 + (-26)/(-39) composite?
True
Let t = -6957 - -11116. Is t a prime number?
True
Suppose -687 = -12*r + 21. Suppose r*z = 52*z + 4431. Is z composite?
True
Suppose 6*v = 7*v - 4. Suppose z - 115 = v*p - 492, 5*z - 395 = -4*p. Is p composite?
True
Let i(n) = -n. Let q(d) = 4*d**2 - 4*d + 1. Let u(r) = 8*r**2 - 9*r + 3. Let l(w) = 5*q(w) - 3*u(w). Let x(m) = -4*i(m) - l(m). Is x(5) composite?
False
Let b = 37 - 49. Is 1 + 844/1 + (b - -8) composite?
True
Let h = 6515 + 26862. Is h composite?
False
Let r = 79 - 75. Suppose -r*c + 592 + 580 = 0. Is c a prime number?
True
Let d be (-18)/12*(-596)/(-6). Let i = d - -398. Let k = i - 38. Is k prime?
True
Let c(t) = -t**3 - 11*t**2 - 8*t + 9. Let u(a) = -a**2 + 5*a - 4. Let x be u(6). Let z be c(x). Is (-1*11)/(z/11) a prime number?
True
Suppose -5*d - 23 = 2*v, 5*d = -0*v - 5*v - 35. Is (5 - 2) + (-138)/d composite?
True
Is -1 + 11337/12 - 33/44 composite?
True
Let v(g) be the third derivative of 7*g**5/60 + g**4/24 - 7*g**2. Let c be v(-1). Suppose -3*l + c*l = 309. Is l a prime number?
True
Suppose -31 = -7*m - 3. Suppose 4*d + 4*z - 2190 = 8042, 0 = -m*z - 4. Is d composite?
True
Suppose -4*g + 0*l - 3*l + 10233 = 0, -3*l = 5*g - 12795. Let v = g - 1673. Is v composite?
True
Suppose -28717 = -8*c + 11451. Is c a prime number?
True
Let i(g) = 276*g**2 + 14*g + 69. Is i(-5) a composite number?
False
Let w(x) = -x**2 + 5*x - 6. Let c be w(3). Suppose c = -5*j - g + 638, 3*j - 4*g + 139 = 4*j. Is j a prime number?
True
Let t(i) = i**3 - 11*i**2 + i - 13. Let w be t(11). Is (3 + w)*-5*(-21)/5 prime?
False
Let b = 71 + 1693. Suppose -5*o - 6131 = -d, 107 = o + 2*d + 1342. Let j = o + b. Is j composite?
True
Let j = 144 + -144. Is (-3)/(-6)*j - (6 + -6335) a composite number?
False
Suppose -2*u = 3*n + 3*u - 3625, u = n - 1203. Is n a composite number?
T